{"id":10924,"date":"2019-04-04T11:37:33","date_gmt":"2019-04-04T09:37:33","guid":{"rendered":"https:\/\/www.aisilbagno.it\/?page_id=10924"},"modified":"2022-01-18T11:19:35","modified_gmt":"2022-01-18T10:19:35","slug":"a-propos-de-nous","status":"publish","type":"page","link":"https:\/\/www.aisilbagno.it\/fr\/a-propos-de-nous\/","title":{"rendered":"\u00c0 propos de nous"},"content":{"rendered":"<div id='av_section_1' class='avia-section main_color avia-section-small avia-no-shadow avia-full-stretch avia-bg-style-scroll  avia-builder-el-0  el_before_av_two_third  avia-builder-el-first   av-minimum-height av-minimum-height-custom container_wrap fullsize' style = 'background-repeat: no-repeat; background-image: url(https:\/\/www.aisilbagno.it\/wp-content\/uploads\/2015\/04\/slide-negozio-3.png);background-attachment: scroll; background-position: center center; ' data-section-bg-repeat='stretch' ><div class='container' style='height:500px'><main  role=\"main\" itemprop=\"mainContentOfPage\"  class='template-page content  av-content-full alpha units'><div class='post-entry post-entry-type-page post-entry-10924'><div class='entry-content-wrapper clearfix'><\/div><\/div><\/main><!-- close content main element --><\/div><\/div><div id='after_section_1' class='main_color av_default_container_wrap container_wrap fullsize'   ><div class='container' ><div class='template-page content  av-content-full alpha units'><div class='post-entry post-entry-type-page post-entry-10924'><div class='entry-content-wrapper clearfix'>\n<div class=\"flex_column av_two_third  flex_column_div first  avia-builder-el-1  el_after_av_section  el_before_av_one_third  avia-builder-el-first  \" ><section class=\"av_textblock_section \"  itemscope=\"itemscope\" itemtype=\"https:\/\/schema.org\/CreativeWork\" ><div class='avia_textblock  '   itemprop=\"text\" ><h2>\u00c0 propos de nous<\/h2>\n<blockquote>\n<h5 style=\"text-align: justify;\">Ais Il Bagno est pr\u00e9sent dans le secteur sanitaire depuis 1967 et se caract\u00e9rise par le choix des produits propos\u00e9s, ainsi que par la gentillesse et la comp\u00e9tence dont il a fait preuve pour aider les clients \u00e0 choisir le bon produit.<\/h5>\n<\/blockquote>\n<p>Chez Ais il Bagno, nous pensons que la salle de bain est un \u00e9l\u00e9ment fondamental de la maison, dans laquelle vous vous d\u00e9tendez et prenez soin de vous. C&rsquo;est pourquoi nous ne choisissons que les meilleures marques pour que la salle de bain de votre maison devienne un espace de beaut\u00e9 et de beaut\u00e9. relaxation.<\/p>\n<p>Gr\u00e2ce \u00e0 la collaboration avec les plus grandes marques du secteur, nous avons les meilleurs produits de mobilier de salle de bain, meubles et miroirs, accessoires de salle de bain, baignoires et douches pour tous les besoins.<\/p>\n<p>Nous vous attendons \u00e0 G\u00eanes, notre personnel qualifi\u00e9 vous aidera avec des conseils pr\u00e9cieux pour rendre votre maison encore plus belle.<\/p>\n<\/div><\/section><\/div>\n<div class=\"flex_column av_one_third  flex_column_div av-zero-column-padding   avia-builder-el-3  el_after_av_two_third  el_before_av_one_third  \" style='border-radius:0px; '><p><div  style='height:75px' class='hr hr-invisible   avia-builder-el-4  el_before_av_image  avia-builder-el-first '><span class='hr-inner ' ><span class='hr-inner-style'><\/span><\/span><\/div><br \/>\n<div  class='avia-image-container  av-styling-    avia-builder-el-5  el_after_av_hr  avia-builder-el-last  avia-align-center '  itemscope=\"itemscope\" itemtype=\"https:\/\/schema.org\/ImageObject\"  ><div class='avia-image-container-inner'><div class='avia-image-overlay-wrap'><img class='wp-image-12355 avia-img-lazy-loading-not-12355 avia_image' src=\"https:\/\/www.aisilbagno.it\/wp-content\/uploads\/2015\/04\/logo-3d-845x321.png\" alt='' title='' height=\"321\" width=\"845\"  itemprop=\"contentURL\"  \/><\/div><\/div><\/div><\/p><\/div>\n<div class=\"flex_column av_one_third  flex_column_div first  avia-builder-el-6  el_after_av_one_third  el_before_av_one_third  column-top-margin\" ><article  class=\"iconbox iconbox_left_content    avia-builder-el-7  avia-builder-el-no-sibling  \"  itemscope=\"itemscope\" itemtype=\"https:\/\/schema.org\/CreativeWork\" ><div class=\"iconbox_icon heading-color\" aria-hidden='true' data-av_icon='\ue842' data-av_iconfont='entypo-fontello'  style='background-color:#3d71a4; border:1px solid #3d71a4; color:#ffffff; ' ><\/div><div class=\"iconbox_content\"><header class=\"entry-content-header\"><h3 class='iconbox_content_title  '  itemprop=\"headline\"   style='color:#3d71a4; '> O\u00f9 nous sommes<\/h3><\/header><div class='iconbox_content_container av_inherit_color '  itemprop=\"text\"   style='color:#666666; '><p>Notre magasin est situ\u00e9 dans la r\u00e9gion de Cornigliano: pour nous rejoindre, rendez-vous au v. Saint Jean d&rsquo;Acre. Entrep\u00f4t: 22 \/ canc., V. Brighetti.<\/p>\n<\/div><\/div><footer class=\"entry-footer\"><\/footer><\/article><\/div>\n<div class=\"flex_column av_one_third  flex_column_div av-zero-column-padding   avia-builder-el-8  el_after_av_one_third  el_before_av_one_third  column-top-margin\" style='border-radius:0px; '><article  class=\"iconbox iconbox_left_content    avia-builder-el-9  avia-builder-el-no-sibling  \"  itemscope=\"itemscope\" itemtype=\"https:\/\/schema.org\/CreativeWork\" ><div class=\"iconbox_icon heading-color\" aria-hidden='true' data-av_icon='\ue862' data-av_iconfont='entypo-fontello'  style='background-color:#3d71a4; border:1px solid #3d71a4; color:#ffffff; ' ><\/div><div class=\"iconbox_content\"><header class=\"entry-content-header\"><h3 class='iconbox_content_title  '  itemprop=\"headline\"   style='color:#3d71a4; '>Heures de magasin<\/h3><\/header><div class='iconbox_content_container av_inherit_color '  itemprop=\"text\"   style='color:#666666; '><p>Ouvert du lundi au vendredi \u00a009.30-12.00\/15,00-19.00 et<br \/>\nsamedi 09.00-12.00\/16.00-19.00.<\/p>\n<\/div><\/div><footer class=\"entry-footer\"><\/footer><\/article><\/div><div class=\"flex_column av_one_third  flex_column_div av-zero-column-padding   avia-builder-el-10  el_after_av_one_third  avia-builder-el-last  column-top-margin\" style='border-radius:0px; '><article  class=\"iconbox iconbox_left_content    avia-builder-el-11  avia-builder-el-no-sibling  \"  itemscope=\"itemscope\" itemtype=\"https:\/\/schema.org\/CreativeWork\" ><div class=\"iconbox_icon heading-color\" aria-hidden='true' data-av_icon='\ue859' data-av_iconfont='entypo-fontello'  style='background-color:#3d71a4; border:1px solid #3d71a4; color:#ffffff; ' ><\/div><div class=\"iconbox_content\"><header class=\"entry-content-header\"><h3 class='iconbox_content_title  '  itemprop=\"headline\"   style='color:#3d71a4; '>Nos produits<\/h3><\/header><div class='iconbox_content_container av_inherit_color '  itemprop=\"text\"   style='color:#666666; '><p>Visitez la section consacr\u00e9e \u00e0 nos produits pour en savoir plus sur l&rsquo;offre \u00e9tendue.<\/p>\n<\/div><\/div><footer class=\"entry-footer\"><\/footer><\/article><\/div><\/p>\n","protected":false},"excerpt":{"rendered":"","protected":false},"author":1,"featured_media":0,"parent":0,"menu_order":0,"comment_status":"closed","ping_status":"closed","template":"","meta":[],"_links":{"self":[{"href":"https:\/\/www.aisilbagno.it\/fr\/wp-json\/wp\/v2\/pages\/10924"}],"collection":[{"href":"https:\/\/www.aisilbagno.it\/fr\/wp-json\/wp\/v2\/pages"}],"about":[{"href":"https:\/\/www.aisilbagno.it\/fr\/wp-json\/wp\/v2\/types\/page"}],"author":[{"embeddable":true,"href":"https:\/\/www.aisilbagno.it\/fr\/wp-json\/wp\/v2\/users\/1"}],"replies":[{"embeddable":true,"href":"https:\/\/www.aisilbagno.it\/fr\/wp-json\/wp\/v2\/comments?post=10924"}],"version-history":[{"count":4,"href":"https:\/\/www.aisilbagno.it\/fr\/wp-json\/wp\/v2\/pages\/10924\/revisions"}],"predecessor-version":[{"id":13524,"href":"https:\/\/www.aisilbagno.it\/fr\/wp-json\/wp\/v2\/pages\/10924\/revisions\/13524"}],"wp:attachment":[{"href":"https:\/\/www.aisilbagno.it\/fr\/wp-json\/wp\/v2\/media?parent=10924"}],"curies":[{"name":"wp","href":"https:\/\/api.w.org\/{rel}","templated":true}]}}

À propos de nous

<div id='av_section_1' class='avia-section main_color avia-section-small avia-no-shadow avia-full-stretch avia-bg-style-scroll  avia-builder-el-0  el_before_av_two_third  avia-builder-el-first   av-minimum-height av-minimum-height-custom container_wrap fullsize' style = 'background-repeat: no-repeat; background-image: url(https://www.aisilbagno.it/wp-content/uploads/2015/04/slide-negozio-3.png);background-attachment: scroll; background-position: center center; ' data-section-bg-repeat='stretch' ><div class='container' style='height:500px'><main  role="main" itemprop="mainContentOfPage"  class='template-page content  av-content-full alpha units'><div class='post-entry post-entry-type-page post-entry-10924'><div class='entry-content-wrapper clearfix'></div></div></main><!-- close content main element --></div></div><div id='after_section_1' class='main_color av_default_container_wrap container_wrap fullsize'   ><div class='container' ><div class='template-page content  av-content-full alpha units'><div class='post-entry post-entry-type-page post-entry-10924'><div class='entry-content-wrapper clearfix'>
<div class="flex_column av_two_third  flex_column_div first  avia-builder-el-1  el_after_av_section  el_before_av_one_third  avia-builder-el-first  " ><section class="av_textblock_section "  itemscope="itemscope" itemtype="https://schema.org/CreativeWork" ><div class='avia_textblock  '   itemprop="text" ><h2>À propos de nous</h2>
<blockquote>
<h5 style="text-align: justify;">Ais Il Bagno est présent dans le secteur sanitaire depuis 1967 et se caractérise par le choix des produits proposés, ainsi que par la gentillesse et la compétence dont il a fait preuve pour aider les clients à choisir le bon produit.</h5>
</blockquote>
<p>Chez Ais il Bagno, nous pensons que la salle de bain est un élément fondamental de la maison, dans laquelle vous vous détendez et prenez soin de vous. C&rsquo;est pourquoi nous ne choisissons que les meilleures marques pour que la salle de bain de votre maison devienne un espace de beauté et de beauté. relaxation.</p>
<p>Grâce à la collaboration avec les plus grandes marques du secteur, nous avons les meilleurs produits de mobilier de salle de bain, meubles et miroirs, accessoires de salle de bain, baignoires et douches pour tous les besoins.</p>
<p>Nous vous attendons à Gênes, notre personnel qualifié vous aidera avec des conseils précieux pour rendre votre maison encore plus belle.</p>
</div></section></div>
<div class="flex_column av_one_third  flex_column_div av-zero-column-padding   avia-builder-el-3  el_after_av_two_third  el_before_av_one_third  " style='border-radius:0px; '><p><div  style='height:75px' class='hr hr-invisible   avia-builder-el-4  el_before_av_image  avia-builder-el-first '><span class='hr-inner ' ><span class='hr-inner-style'></span></span></div><br />
<div  class='avia-image-container  av-styling-    avia-builder-el-5  el_after_av_hr  avia-builder-el-last  avia-align-center '  itemscope="itemscope" itemtype="https://schema.org/ImageObject"  ><div class='avia-image-container-inner'><div class='avia-image-overlay-wrap'><img class='wp-image-12355 avia-img-lazy-loading-not-12355 avia_image' src="https://www.aisilbagno.it/wp-content/uploads/2015/04/logo-3d-845x321.png" alt='' title='' height="321" width="845"  itemprop="contentURL"  /></div></div></div></p></div>
<div class="flex_column av_one_third  flex_column_div first  avia-builder-el-6  el_after_av_one_third  el_before_av_one_third  column-top-margin" ><article  class="iconbox iconbox_left_content    avia-builder-el-7  avia-builder-el-no-sibling  "  itemscope="itemscope" itemtype="https://schema.org/CreativeWork" ><div class="iconbox_icon heading-color" aria-hidden='true' data-av_icon='' data-av_iconfont='entypo-fontello'  style='background-color:#3d71a4; border:1px solid #3d71a4; color:#ffffff; ' ></div><div class="iconbox_content"><header class="entry-content-header"><h3 class='iconbox_content_title  '  itemprop="headline"   style='color:#3d71a4; '> Où nous sommes</h3></header><div class='iconbox_content_container av_inherit_color '  itemprop="text"   style='color:#666666; '><p>Notre magasin est situé dans la région de Cornigliano: pour nous rejoindre, rendez-vous au v. Saint Jean d&rsquo;Acre. Entrepôt: 22 / canc., V. Brighetti.</p>
</div></div><footer class="entry-footer"></footer></article></div>
<div class="flex_column av_one_third  flex_column_div av-zero-column-padding   avia-builder-el-8  el_after_av_one_third  el_before_av_one_third  column-top-margin" style='border-radius:0px; '><article  class="iconbox iconbox_left_content    avia-builder-el-9  avia-builder-el-no-sibling  "  itemscope="itemscope" itemtype="https://schema.org/CreativeWork" ><div class="iconbox_icon heading-color" aria-hidden='true' data-av_icon='' data-av_iconfont='entypo-fontello'  style='background-color:#3d71a4; border:1px solid #3d71a4; color:#ffffff; ' ></div><div class="iconbox_content"><header class="entry-content-header"><h3 class='iconbox_content_title  '  itemprop="headline"   style='color:#3d71a4; '>Heures de magasin</h3></header><div class='iconbox_content_container av_inherit_color '  itemprop="text"   style='color:#666666; '><p>Ouvert du lundi au vendredi  09.30-12.00/15,00-19.00 et<br />
samedi 09.00-12.00/16.00-19.00.</p>
</div></div><footer class="entry-footer"></footer></article></div><div class="flex_column av_one_third  flex_column_div av-zero-column-padding   avia-builder-el-10  el_after_av_one_third  avia-builder-el-last  column-top-margin" style='border-radius:0px; '><article  class="iconbox iconbox_left_content    avia-builder-el-11  avia-builder-el-no-sibling  "  itemscope="itemscope" itemtype="https://schema.org/CreativeWork" ><div class="iconbox_icon heading-color" aria-hidden='true' data-av_icon='' data-av_iconfont='entypo-fontello'  style='background-color:#3d71a4; border:1px solid #3d71a4; color:#ffffff; ' ></div><div class="iconbox_content"><header class="entry-content-header"><h3 class='iconbox_content_title  '  itemprop="headline"   style='color:#3d71a4; '>Nos produits</h3></header><div class='iconbox_content_container av_inherit_color '  itemprop="text"   style='color:#666666; '><p>Visitez la section consacrée à nos produits pour en savoir plus sur l&rsquo;offre étendue.</p>
</div></div><footer class="entry-footer"></footer></article></div></p>
