{"id":11757,"date":"2015-07-01T07:11:13","date_gmt":"2015-07-01T07:11:13","guid":{"rendered":"https:\/\/www.aisilbagno.it\/box-doccia-su-misura\/"},"modified":"2020-03-29T17:08:30","modified_gmt":"2020-03-29T15:08:30","slug":"caja-de-ducha-a-medida","status":"publish","type":"page","link":"https:\/\/www.aisilbagno.it\/es\/caja-de-ducha-a-medida\/","title":{"rendered":"CAJA DE DUCHA A MEDIDA"},"content":{"rendered":"<div id='av_section_1' class='avia-section main_color avia-section-default avia-no-shadow avia-full-stretch avia-bg-style-scroll  avia-builder-el-0  el_before_av_one_full  avia-builder-el-first   av-minimum-height av-minimum-height-custom container_wrap fullsize' style = 'background-repeat: no-repeat; background-image: url(https:\/\/www.aisilbagno.it\/wp-content\/uploads\/2015\/07\/slide-box-doccia-personalizzato.jpg);background-attachment: scroll; background-position: center center; ' data-section-bg-repeat='stretch' ><div class='container' style='height:500px'><main  role=\"main\" itemprop=\"mainContentOfPage\"  class='template-page content  av-content-full alpha units'><div class='post-entry post-entry-type-page post-entry-11757'><div class='entry-content-wrapper clearfix'><\/div><\/div><\/main><!-- close content main element --><\/div><\/div><div id='after_section_1' class='main_color av_default_container_wrap container_wrap fullsize'   ><div class='container' ><div class='template-page content  av-content-full alpha units'><div class='post-entry post-entry-type-page post-entry-11757'><div class='entry-content-wrapper clearfix'>\n<div class=\"flex_column av_one_full  flex_column_div first  avia-builder-el-1  el_after_av_section  el_before_av_section  avia-builder-el-no-sibling  \" ><div  style='padding-bottom:10px; color:#1d3465;font-size:34px;' class='av-special-heading av-special-heading-h3 custom-color-heading blockquote modern-quote modern-centered  avia-builder-el-2  avia-builder-el-no-sibling  av-inherit-size '><h3 class='av-special-heading-tag '  itemprop=\"headline\"  >Con nosotros puede tener una cabina de ducha personalizada, desde la comodidad de su hogar.<\/h3><div class='special-heading-border'><div class='special-heading-inner-border' style='border-color:#1d3465'><\/div><\/div><\/div><\/div>\n<\/div><\/div><\/div><!-- close content main div --><\/div><\/div><div id='av_section_2' class='avia-section main_color avia-section-default avia-no-shadow avia-bg-style-scroll  avia-builder-el-3  el_after_av_one_full  el_before_av_section   container_wrap fullsize' style = 'background-image: '  ><div class='container' ><div class='template-page content  av-content-full alpha units'><div class='post-entry post-entry-type-page post-entry-11757'><div class='entry-content-wrapper clearfix'>\n<div class=\"flex_column av_two_third  flex_column_div first  avia-builder-el-4  el_before_av_one_third  avia-builder-el-first  \" ><section class=\"av_textblock_section \"  itemscope=\"itemscope\" itemtype=\"https:\/\/schema.org\/CreativeWork\" ><div class='avia_textblock  '   itemprop=\"text\" ><p><span class=\"tlid-translation translation\" lang=\"es\"><span class=\"\" title=\"\">Nuestra tienda se especializa en el dise\u00f1o de mamparas de ducha personalizadas o personalizadas (Crystal o Crystal Color con impresi\u00f3n digital del cliente o entre las est\u00e1ndar, Profile Color tambi\u00e9n con colores Ral) estrictamente Made in Italy<\/span><\/span><\/p>\n<p><span title=\"\">tambi\u00e9n podemos suministrar<\/span><\/p>\n<p><span title=\"\">Cabina de ducha n\u00e1utica<\/span><\/p>\n<p><span title=\"\">Cabina de ducha para ba\u00f1o turco<\/span><\/p>\n<p>\u00bfTienes un plato de ducha con medidas especiales? \u00bfEl techo de su ba\u00f1o es m\u00e1s bajo que el promedio? \u00bfTienes un ba\u00f1o en el \u00e1tico? \u00bfTienes una caja de nicho? \u00bfNecesitas una pared con forma?<\/p>\n<p>Podemos hacer estimaciones gratuitas, basadas en la documentaci\u00f3n que puede adjuntar gracias al enlace que se encuentra al costado. Cuanta m\u00e1s informaci\u00f3n y fotos env\u00ede, m\u00e1s preciso ser\u00e1 el precio y el tama\u00f1o.<\/p>\n<p>Para cualquier informaci\u00f3n y aclaraci\u00f3n, nuestro personal estar\u00e1 encantado de responderle y seguirlo paso a paso en la realizaci\u00f3n de su cabina de ducha.<\/p>\n<p>Si necesita una caja hecha a medida en Altura, ya puede encontrar algunas ideas en estos enlaces<\/p>\n<p><strong>Modelos cuadrados<\/strong><\/p>\n<p><a href=\"https:\/\/www.aisilbagno.it\/es\/cat-cabina-de-ducha\/estante-de-duchas-personalizadas-en-altura\/plaza\/\">https:\/\/www.aisilbagno.it\/es\/cat-cabina-de-ducha\/estante-de-duchas-personalizadas-en-altura\/plaza\/<\/a><\/p>\n<p><strong>Modelos rectangulares<\/strong><\/p>\n<p><a href=\"https:\/\/www.aisilbagno.it\/es\/cat-cabina-de-ducha\/estante-de-duchas-personalizadas-en-altura\/rectangular\/\">https:\/\/www.aisilbagno.it\/es\/cat-cabina-de-ducha\/estante-de-duchas-personalizadas-en-altura\/rectangular\/<\/a><\/p>\n<p><strong>Modelo semicircular<\/strong><\/p>\n<p><a href=\"https:\/\/www.aisilbagno.it\/es\/cat-cabina-de-ducha\/estante-de-duchas-personalizadas-en-altura\/semicircular\/\">https:\/\/www.aisilbagno.it\/es\/cat-cabina-de-ducha\/estante-de-duchas-personalizadas-en-altura\/semicircular\/<\/a><\/p>\n<p><strong>Puertas correderas de ducha<\/strong><\/p>\n<p><a href=\"https:\/\/www.aisilbagno.it\/es\/cat-cabina-de-ducha\/estante-de-duchas-personalizadas-en-altura\/puertas-de-ducha-correderas\/\">https:\/\/www.aisilbagno.it\/es\/cat-cabina-de-ducha\/estante-de-duchas-personalizadas-en-altura\/puertas-de-ducha-correderas\/<\/a><\/p>\n<p><strong>Puerta batiente<\/strong><\/p>\n<p><a href=\"https:\/\/www.aisilbagno.it\/es\/cat-cabina-de-ducha\/estante-de-duchas-personalizadas-en-altura\/puerta-con-bisagras-puerta\/\">https:\/\/www.aisilbagno.it\/es\/cat-cabina-de-ducha\/estante-de-duchas-personalizadas-en-altura\/puerta-con-bisagras-puerta\/<\/a><\/p>\n<p><strong>Puerta 2 puertas de sal\u00f3n<\/strong><\/p>\n<p><a href=\"https:\/\/www.aisilbagno.it\/es\/cat-cabina-de-ducha\/estante-de-duchas-personalizadas-en-altura\/puerta-2-puertas-batientes-de-salon\/\">https:\/\/www.aisilbagno.it\/es\/cat-cabina-de-ducha\/estante-de-duchas-personalizadas-en-altura\/puerta-2-puertas-batientes-de-salon\/<\/a><\/p>\n<p><strong>Entrar<\/strong><\/p>\n<p><a href=\"https:\/\/www.aisilbagno.it\/es\/cat-cabina-de-ducha\/estante-de-duchas-personalizadas-en-altura\/caminar-en\/\">https:\/\/www.aisilbagno.it\/es\/cat-cabina-de-ducha\/estante-de-duchas-personalizadas-en-altura\/caminar-en\/<\/a><\/p>\n<p>si no encuentras tu talla o lo que buscas<\/p>\n<p>Cont\u00e1ctanos al 0106512810 o <a href=\"mailto:info@aisilbagno.it\">info@aisilbagno.it<\/a><\/p>\n<\/div><\/section><\/div><div class=\"flex_column av_one_third  flex_column_div   avia-builder-el-6  el_after_av_two_third  avia-builder-el-last  \" ><span  class=\"av_font_icon avia_animate_when_visible avia-icon-animate  av-icon-style-border  avia-icon-pos-center \" style=\"color:#2088ca; border-color:#2088ca;\"><a href='mailto:mailto:info@aisilbagno.it'   class='av-icon-char' style='font-size:30px;line-height:30px;width:30px;' aria-hidden='true' data-av_icon='\ue8e0' data-av_iconfont='antworks' ><\/a><span class='av_icon_caption av-special-font'>CONT\u00c1CTENOS ENVIANDO FOTOS, TAMA\u00d1OS Y DETALLES PARA PODER FORMULAR UNA COTIZACI\u00d3N.<\/span><\/span><\/div><\/div><\/div><\/div><!-- close content main div --><\/div><\/div><div id='av_section_3' class='avia-section main_color avia-section-default avia-no-shadow avia-bg-style-scroll  avia-builder-el-8  el_after_av_section  avia-builder-el-last   container_wrap fullsize' style = 'background-image: '  ><div class='container' ><div class='template-page content  av-content-full alpha units'><div class='post-entry post-entry-type-page post-entry-11757'><div class='entry-content-wrapper clearfix'>\n<section class=\"av_textblock_section \"  itemscope=\"itemscope\" itemtype=\"https:\/\/schema.org\/CreativeWork\" ><div class='avia_textblock  '   itemprop=\"text\" ><h4>Estos son algunos ejemplos de cabinas de ducha personalizadas.<\/h4>\n<\/div><\/section>\n<div class=\"flex_column av_one_fifth  flex_column_div first  avia-builder-el-10  el_after_av_textblock  el_before_av_one_fifth  column-top-margin\" ><div  class='avia-image-container  av-styling-no-styling    avia-builder-el-11  avia-builder-el-no-sibling  avia-align-center '  itemscope=\"itemscope\" itemtype=\"https:\/\/schema.org\/ImageObject\"  ><div class='avia-image-container-inner'><div class='avia-image-overlay-wrap'><img class='wp-image-12525 avia-img-lazy-loading-not-12525 avia_image' src=\"https:\/\/www.aisilbagno.it\/wp-content\/uploads\/2015\/07\/box-du-misura-1-258x300.jpg\" alt='' title='box du misura 1' height=\"300\" width=\"258\"  itemprop=\"contentURL\" srcset=\"https:\/\/www.aisilbagno.it\/wp-content\/uploads\/2015\/07\/box-du-misura-1-258x300.jpg 258w, https:\/\/www.aisilbagno.it\/wp-content\/uploads\/2015\/07\/box-du-misura-1-607x705.jpg 607w, https:\/\/www.aisilbagno.it\/wp-content\/uploads\/2015\/07\/box-du-misura-1-450x522.jpg 450w, https:\/\/www.aisilbagno.it\/wp-content\/uploads\/2015\/07\/box-du-misura-1.jpg 710w\" sizes=\"(max-width: 258px) 100vw, 258px\" \/><\/div><\/div><\/div><\/div><div class=\"flex_column av_one_fifth  flex_column_div   avia-builder-el-12  el_after_av_one_fifth  el_before_av_one_fifth  column-top-margin\" ><div  class='avia-image-container  av-styling-no-styling    avia-builder-el-13  avia-builder-el-no-sibling  avia-align-center '  itemscope=\"itemscope\" itemtype=\"https:\/\/schema.org\/ImageObject\"  ><div class='avia-image-container-inner'><div class='avia-image-overlay-wrap'><img class='wp-image-12529 avia-img-lazy-loading-not-12529 avia_image' src=\"https:\/\/www.aisilbagno.it\/wp-content\/uploads\/2015\/07\/box-su-misura-2-250x300.jpg\" alt='' title='box su misura 2' height=\"300\" width=\"250\"  itemprop=\"contentURL\" srcset=\"https:\/\/www.aisilbagno.it\/wp-content\/uploads\/2015\/07\/box-su-misura-2-250x300.jpg 250w, https:\/\/www.aisilbagno.it\/wp-content\/uploads\/2015\/07\/box-su-misura-2-587x705.jpg 587w, https:\/\/www.aisilbagno.it\/wp-content\/uploads\/2015\/07\/box-su-misura-2-450x540.jpg 450w, https:\/\/www.aisilbagno.it\/wp-content\/uploads\/2015\/07\/box-su-misura-2.jpg 672w\" sizes=\"(max-width: 250px) 100vw, 250px\" \/><\/div><\/div><\/div><\/div><div class=\"flex_column av_one_fifth  flex_column_div   avia-builder-el-14  el_after_av_one_fifth  el_before_av_one_fifth  column-top-margin\" ><div  class='avia-image-container  av-styling-no-styling    avia-builder-el-15  avia-builder-el-no-sibling  avia-align-center '  itemscope=\"itemscope\" itemtype=\"https:\/\/schema.org\/ImageObject\"  ><div class='avia-image-container-inner'><div class='avia-image-overlay-wrap'><img class='wp-image-12533 avia-img-lazy-loading-not-12533 avia_image' src=\"https:\/\/www.aisilbagno.it\/wp-content\/uploads\/2015\/07\/box-su-misura-3-258x300.jpg\" alt='' title='box su misura 3' height=\"300\" width=\"258\"  itemprop=\"contentURL\" srcset=\"https:\/\/www.aisilbagno.it\/wp-content\/uploads\/2015\/07\/box-su-misura-3-258x300.jpg 258w, https:\/\/www.aisilbagno.it\/wp-content\/uploads\/2015\/07\/box-su-misura-3-605x705.jpg 605w, https:\/\/www.aisilbagno.it\/wp-content\/uploads\/2015\/07\/box-su-misura-3-450x524.jpg 450w, https:\/\/www.aisilbagno.it\/wp-content\/uploads\/2015\/07\/box-su-misura-3.jpg 673w\" sizes=\"(max-width: 258px) 100vw, 258px\" \/><\/div><\/div><\/div><\/div><div class=\"flex_column av_one_fifth  flex_column_div   avia-builder-el-16  el_after_av_one_fifth  el_before_av_one_fourth  column-top-margin\" ><div  class='avia-image-container  av-styling-no-styling    avia-builder-el-17  avia-builder-el-no-sibling  avia-align-center '  itemscope=\"itemscope\" itemtype=\"https:\/\/schema.org\/ImageObject\"  ><div class='avia-image-container-inner'><div class='avia-image-overlay-wrap'><img class='wp-image-12537 avia-img-lazy-loading-not-12537 avia_image' src=\"https:\/\/www.aisilbagno.it\/wp-content\/uploads\/2015\/07\/box-su-misura-4-251x300.jpg\" alt='' title='box su misura 4' height=\"300\" width=\"251\"  itemprop=\"contentURL\" srcset=\"https:\/\/www.aisilbagno.it\/wp-content\/uploads\/2015\/07\/box-su-misura-4-251x300.jpg 251w, https:\/\/www.aisilbagno.it\/wp-content\/uploads\/2015\/07\/box-su-misura-4-591x705.jpg 591w, https:\/\/www.aisilbagno.it\/wp-content\/uploads\/2015\/07\/box-su-misura-4-450x537.jpg 450w, https:\/\/www.aisilbagno.it\/wp-content\/uploads\/2015\/07\/box-su-misura-4.jpg 686w\" sizes=\"(max-width: 251px) 100vw, 251px\" \/><\/div><\/div><\/div><\/div><div class=\"flex_column av_one_fourth  flex_column_div first  avia-builder-el-18  el_after_av_one_fifth  avia-builder-el-last  column-top-margin\" ><div  class='avia-image-container  av-styling-no-styling    avia-builder-el-19  avia-builder-el-no-sibling  avia-align-center '  itemscope=\"itemscope\" itemtype=\"https:\/\/schema.org\/ImageObject\"  ><div class='avia-image-container-inner'><div class='avia-image-overlay-wrap'><img class='wp-image-12541 avia-img-lazy-loading-not-12541 avia_image' src=\"https:\/\/www.aisilbagno.it\/wp-content\/uploads\/2015\/07\/box-su-misura-5-250x300.jpg\" alt='' title='box su misura 5' height=\"300\" width=\"250\"  itemprop=\"contentURL\" srcset=\"https:\/\/www.aisilbagno.it\/wp-content\/uploads\/2015\/07\/box-su-misura-5-250x300.jpg 250w, https:\/\/www.aisilbagno.it\/wp-content\/uploads\/2015\/07\/box-su-misura-5-587x705.jpg 587w, https:\/\/www.aisilbagno.it\/wp-content\/uploads\/2015\/07\/box-su-misura-5-450x541.jpg 450w, https:\/\/www.aisilbagno.it\/wp-content\/uploads\/2015\/07\/box-su-misura-5.jpg 698w\" sizes=\"(max-width: 250px) 100vw, 250px\" \/><\/div><\/div><\/div><\/div>\n<\/p>\n","protected":false},"excerpt":{"rendered":"","protected":false},"author":2,"featured_media":0,"parent":0,"menu_order":0,"comment_status":"closed","ping_status":"closed","template":"","meta":[],"_links":{"self":[{"href":"https:\/\/www.aisilbagno.it\/es\/wp-json\/wp\/v2\/pages\/11757"}],"collection":[{"href":"https:\/\/www.aisilbagno.it\/es\/wp-json\/wp\/v2\/pages"}],"about":[{"href":"https:\/\/www.aisilbagno.it\/es\/wp-json\/wp\/v2\/types\/page"}],"author":[{"embeddable":true,"href":"https:\/\/www.aisilbagno.it\/es\/wp-json\/wp\/v2\/users\/2"}],"replies":[{"embeddable":true,"href":"https:\/\/www.aisilbagno.it\/es\/wp-json\/wp\/v2\/comments?post=11757"}],"version-history":[{"count":4,"href":"https:\/\/www.aisilbagno.it\/es\/wp-json\/wp\/v2\/pages\/11757\/revisions"}],"predecessor-version":[{"id":12005,"href":"https:\/\/www.aisilbagno.it\/es\/wp-json\/wp\/v2\/pages\/11757\/revisions\/12005"}],"wp:attachment":[{"href":"https:\/\/www.aisilbagno.it\/es\/wp-json\/wp\/v2\/media?parent=11757"}],"curies":[{"name":"wp","href":"https:\/\/api.w.org\/{rel}","templated":true}]}}

<div id='av_section_1' class='avia-section main_color avia-section-default avia-no-shadow avia-full-stretch avia-bg-style-scroll  avia-builder-el-0  el_before_av_one_full  avia-builder-el-first   av-minimum-height av-minimum-height-custom container_wrap fullsize' style = 'background-repeat: no-repeat; background-image: url(https://www.aisilbagno.it/wp-content/uploads/2015/07/slide-box-doccia-personalizzato.jpg);background-attachment: scroll; background-position: center center; ' data-section-bg-repeat='stretch' ><div class='container' style='height:500px'><main  role="main" itemprop="mainContentOfPage"  class='template-page content  av-content-full alpha units'><div class='post-entry post-entry-type-page post-entry-11757'><div class='entry-content-wrapper clearfix'></div></div></main><!-- close content main element --></div></div><div id='after_section_1' class='main_color av_default_container_wrap container_wrap fullsize'   ><div class='container' ><div class='template-page content  av-content-full alpha units'><div class='post-entry post-entry-type-page post-entry-11757'><div class='entry-content-wrapper clearfix'>
<div class="flex_column av_one_full  flex_column_div first  avia-builder-el-1  el_after_av_section  el_before_av_section  avia-builder-el-no-sibling  " ><div  style='padding-bottom:10px; color:#1d3465;font-size:34px;' class='av-special-heading av-special-heading-h3 custom-color-heading blockquote modern-quote modern-centered  avia-builder-el-2  avia-builder-el-no-sibling  av-inherit-size '><h3 class='av-special-heading-tag '  itemprop="headline"  >Con nosotros puede tener una cabina de ducha personalizada, desde la comodidad de su hogar.</h3><div class='special-heading-border'><div class='special-heading-inner-border' style='border-color:#1d3465'></div></div></div></div>
</div></div></div><!-- close content main div --></div></div><div id='av_section_2' class='avia-section main_color avia-section-default avia-no-shadow avia-bg-style-scroll  avia-builder-el-3  el_after_av_one_full  el_before_av_section   container_wrap fullsize' style = 'background-image: '  ><div class='container' ><div class='template-page content  av-content-full alpha units'><div class='post-entry post-entry-type-page post-entry-11757'><div class='entry-content-wrapper clearfix'>
<div class="flex_column av_two_third  flex_column_div first  avia-builder-el-4  el_before_av_one_third  avia-builder-el-first  " ><section class="av_textblock_section "  itemscope="itemscope" itemtype="https://schema.org/CreativeWork" ><div class='avia_textblock  '   itemprop="text" ><p><span class="tlid-translation translation" lang="es"><span class="" title="">Nuestra tienda se especializa en el diseño de mamparas de ducha personalizadas o personalizadas (Crystal o Crystal Color con impresión digital del cliente o entre las estándar, Profile Color también con colores Ral) estrictamente Made in Italy</span></span></p>
<p><span title="">también podemos suministrar</span></p>
<p><span title="">Cabina de ducha náutica</span></p>
<p><span title="">Cabina de ducha para baño turco</span></p>
<p>¿Tienes un plato de ducha con medidas especiales? ¿El techo de su baño es más bajo que el promedio? ¿Tienes un baño en el ático? ¿Tienes una caja de nicho? ¿Necesitas una pared con forma?</p>
<p>Podemos hacer estimaciones gratuitas, basadas en la documentación que puede adjuntar gracias al enlace que se encuentra al costado. Cuanta más información y fotos envíe, más preciso será el precio y el tamaño.</p>
<p>Para cualquier información y aclaración, nuestro personal estará encantado de responderle y seguirlo paso a paso en la realización de su cabina de ducha.</p>
<p>Si necesita una caja hecha a medida en Altura, ya puede encontrar algunas ideas en estos enlaces</p>
<p><strong>Modelos cuadrados</strong></p>
<p><a href="https://www.aisilbagno.it/es/cat-cabina-de-ducha/estante-de-duchas-personalizadas-en-altura/plaza/">https://www.aisilbagno.it/es/cat-cabina-de-ducha/estante-de-duchas-personalizadas-en-altura/plaza/</a></p>
<p><strong>Modelos rectangulares</strong></p>
<p><a href="https://www.aisilbagno.it/es/cat-cabina-de-ducha/estante-de-duchas-personalizadas-en-altura/rectangular/">https://www.aisilbagno.it/es/cat-cabina-de-ducha/estante-de-duchas-personalizadas-en-altura/rectangular/</a></p>
<p><strong>Modelo semicircular</strong></p>
<p><a href="https://www.aisilbagno.it/es/cat-cabina-de-ducha/estante-de-duchas-personalizadas-en-altura/semicircular/">https://www.aisilbagno.it/es/cat-cabina-de-ducha/estante-de-duchas-personalizadas-en-altura/semicircular/</a></p>
<p><strong>Puertas correderas de ducha</strong></p>
<p><a href="https://www.aisilbagno.it/es/cat-cabina-de-ducha/estante-de-duchas-personalizadas-en-altura/puertas-de-ducha-correderas/">https://www.aisilbagno.it/es/cat-cabina-de-ducha/estante-de-duchas-personalizadas-en-altura/puertas-de-ducha-correderas/</a></p>
<p><strong>Puerta batiente</strong></p>
<p><a href="https://www.aisilbagno.it/es/cat-cabina-de-ducha/estante-de-duchas-personalizadas-en-altura/puerta-con-bisagras-puerta/">https://www.aisilbagno.it/es/cat-cabina-de-ducha/estante-de-duchas-personalizadas-en-altura/puerta-con-bisagras-puerta/</a></p>
<p><strong>Puerta 2 puertas de salón</strong></p>
<p><a href="https://www.aisilbagno.it/es/cat-cabina-de-ducha/estante-de-duchas-personalizadas-en-altura/puerta-2-puertas-batientes-de-salon/">https://www.aisilbagno.it/es/cat-cabina-de-ducha/estante-de-duchas-personalizadas-en-altura/puerta-2-puertas-batientes-de-salon/</a></p>
<p><strong>Entrar</strong></p>
<p><a href="https://www.aisilbagno.it/es/cat-cabina-de-ducha/estante-de-duchas-personalizadas-en-altura/caminar-en/">https://www.aisilbagno.it/es/cat-cabina-de-ducha/estante-de-duchas-personalizadas-en-altura/caminar-en/</a></p>
<p>si no encuentras tu talla o lo que buscas</p>
<p>Contáctanos al 0106512810 o <a href="mailto:info@aisilbagno.it">info@aisilbagno.it</a></p>
</div></section></div><div class="flex_column av_one_third  flex_column_div   avia-builder-el-6  el_after_av_two_third  avia-builder-el-last  " ><span  class="av_font_icon avia_animate_when_visible avia-icon-animate  av-icon-style-border  avia-icon-pos-center " style="color:#2088ca; border-color:#2088ca;"><a href='mailto:mailto:info@aisilbagno.it'   class='av-icon-char' style='font-size:30px;line-height:30px;width:30px;' aria-hidden='true' data-av_icon='' data-av_iconfont='antworks' ></a><span class='av_icon_caption av-special-font'>CONTÁCTENOS ENVIANDO FOTOS, TAMAÑOS Y DETALLES PARA PODER FORMULAR UNA COTIZACIÓN.</span></span></div></div></div></div><!-- close content main div --></div></div><div id='av_section_3' class='avia-section main_color avia-section-default avia-no-shadow avia-bg-style-scroll  avia-builder-el-8  el_after_av_section  avia-builder-el-last   container_wrap fullsize' style = 'background-image: '  ><div class='container' ><div class='template-page content  av-content-full alpha units'><div class='post-entry post-entry-type-page post-entry-11757'><div class='entry-content-wrapper clearfix'>
<section class="av_textblock_section "  itemscope="itemscope" itemtype="https://schema.org/CreativeWork" ><div class='avia_textblock  '   itemprop="text" ><h4>Estos son algunos ejemplos de cabinas de ducha personalizadas.</h4>
</div></section>
<div class="flex_column av_one_fifth  flex_column_div first  avia-builder-el-10  el_after_av_textblock  el_before_av_one_fifth  column-top-margin" ><div  class='avia-image-container  av-styling-no-styling    avia-builder-el-11  avia-builder-el-no-sibling  avia-align-center '  itemscope="itemscope" itemtype="https://schema.org/ImageObject"  ><div class='avia-image-container-inner'><div class='avia-image-overlay-wrap'><img class='wp-image-12525 avia-img-lazy-loading-not-12525 avia_image' src="https://www.aisilbagno.it/wp-content/uploads/2015/07/box-du-misura-1-258x300.jpg" alt='' title='box du misura 1' height="300" width="258"  itemprop="contentURL" srcset="https://www.aisilbagno.it/wp-content/uploads/2015/07/box-du-misura-1-258x300.jpg 258w, https://www.aisilbagno.it/wp-content/uploads/2015/07/box-du-misura-1-607x705.jpg 607w, https://www.aisilbagno.it/wp-content/uploads/2015/07/box-du-misura-1-450x522.jpg 450w, https://www.aisilbagno.it/wp-content/uploads/2015/07/box-du-misura-1.jpg 710w" sizes="(max-width: 258px) 100vw, 258px" /></div></div></div></div><div class="flex_column av_one_fifth  flex_column_div   avia-builder-el-12  el_after_av_one_fifth  el_before_av_one_fifth  column-top-margin" ><div  class='avia-image-container  av-styling-no-styling    avia-builder-el-13  avia-builder-el-no-sibling  avia-align-center '  itemscope="itemscope" itemtype="https://schema.org/ImageObject"  ><div class='avia-image-container-inner'><div class='avia-image-overlay-wrap'><img class='wp-image-12529 avia-img-lazy-loading-not-12529 avia_image' src="https://www.aisilbagno.it/wp-content/uploads/2015/07/box-su-misura-2-250x300.jpg" alt='' title='box su misura 2' height="300" width="250"  itemprop="contentURL" srcset="https://www.aisilbagno.it/wp-content/uploads/2015/07/box-su-misura-2-250x300.jpg 250w, https://www.aisilbagno.it/wp-content/uploads/2015/07/box-su-misura-2-587x705.jpg 587w, https://www.aisilbagno.it/wp-content/uploads/2015/07/box-su-misura-2-450x540.jpg 450w, https://www.aisilbagno.it/wp-content/uploads/2015/07/box-su-misura-2.jpg 672w" sizes="(max-width: 250px) 100vw, 250px" /></div></div></div></div><div class="flex_column av_one_fifth  flex_column_div   avia-builder-el-14  el_after_av_one_fifth  el_before_av_one_fifth  column-top-margin" ><div  class='avia-image-container  av-styling-no-styling    avia-builder-el-15  avia-builder-el-no-sibling  avia-align-center '  itemscope="itemscope" itemtype="https://schema.org/ImageObject"  ><div class='avia-image-container-inner'><div class='avia-image-overlay-wrap'><img class='wp-image-12533 avia-img-lazy-loading-not-12533 avia_image' src="https://www.aisilbagno.it/wp-content/uploads/2015/07/box-su-misura-3-258x300.jpg" alt='' title='box su misura 3' height="300" width="258"  itemprop="contentURL" srcset="https://www.aisilbagno.it/wp-content/uploads/2015/07/box-su-misura-3-258x300.jpg 258w, https://www.aisilbagno.it/wp-content/uploads/2015/07/box-su-misura-3-605x705.jpg 605w, https://www.aisilbagno.it/wp-content/uploads/2015/07/box-su-misura-3-450x524.jpg 450w, https://www.aisilbagno.it/wp-content/uploads/2015/07/box-su-misura-3.jpg 673w" sizes="(max-width: 258px) 100vw, 258px" /></div></div></div></div><div class="flex_column av_one_fifth  flex_column_div   avia-builder-el-16  el_after_av_one_fifth  el_before_av_one_fourth  column-top-margin" ><div  class='avia-image-container  av-styling-no-styling    avia-builder-el-17  avia-builder-el-no-sibling  avia-align-center '  itemscope="itemscope" itemtype="https://schema.org/ImageObject"  ><div class='avia-image-container-inner'><div class='avia-image-overlay-wrap'><img class='wp-image-12537 avia-img-lazy-loading-not-12537 avia_image' src="https://www.aisilbagno.it/wp-content/uploads/2015/07/box-su-misura-4-251x300.jpg" alt='' title='box su misura 4' height="300" width="251"  itemprop="contentURL" srcset="https://www.aisilbagno.it/wp-content/uploads/2015/07/box-su-misura-4-251x300.jpg 251w, https://www.aisilbagno.it/wp-content/uploads/2015/07/box-su-misura-4-591x705.jpg 591w, https://www.aisilbagno.it/wp-content/uploads/2015/07/box-su-misura-4-450x537.jpg 450w, https://www.aisilbagno.it/wp-content/uploads/2015/07/box-su-misura-4.jpg 686w" sizes="(max-width: 251px) 100vw, 251px" /></div></div></div></div><div class="flex_column av_one_fourth  flex_column_div first  avia-builder-el-18  el_after_av_one_fifth  avia-builder-el-last  column-top-margin" ><div  class='avia-image-container  av-styling-no-styling    avia-builder-el-19  avia-builder-el-no-sibling  avia-align-center '  itemscope="itemscope" itemtype="https://schema.org/ImageObject"  ><div class='avia-image-container-inner'><div class='avia-image-overlay-wrap'><img class='wp-image-12541 avia-img-lazy-loading-not-12541 avia_image' src="https://www.aisilbagno.it/wp-content/uploads/2015/07/box-su-misura-5-250x300.jpg" alt='' title='box su misura 5' height="300" width="250"  itemprop="contentURL" srcset="https://www.aisilbagno.it/wp-content/uploads/2015/07/box-su-misura-5-250x300.jpg 250w, https://www.aisilbagno.it/wp-content/uploads/2015/07/box-su-misura-5-587x705.jpg 587w, https://www.aisilbagno.it/wp-content/uploads/2015/07/box-su-misura-5-450x541.jpg 450w, https://www.aisilbagno.it/wp-content/uploads/2015/07/box-su-misura-5.jpg 698w" sizes="(max-width: 250px) 100vw, 250px" /></div></div></div></div>
</p>
