{"id":11060,"date":"2019-04-10T09:28:14","date_gmt":"2019-04-10T07:28:14","guid":{"rendered":"https:\/\/www.aisilbagno.it\/?page_id=11060"},"modified":"2022-01-18T11:38:32","modified_gmt":"2022-01-18T10:38:32","slug":"quienes-somos","status":"publish","type":"page","link":"https:\/\/www.aisilbagno.it\/es\/quienes-somos\/","title":{"rendered":"Qui\u00e9nes somos"},"content":{"rendered":"<div id='av_section_1' class='avia-section main_color avia-section-small avia-no-shadow avia-full-stretch avia-bg-style-scroll  avia-builder-el-0  el_before_av_two_third  avia-builder-el-first   av-minimum-height av-minimum-height-custom container_wrap fullsize' style = 'background-repeat: no-repeat; background-image: url(https:\/\/www.aisilbagno.it\/wp-content\/uploads\/2015\/04\/slide-negozio-3.png);background-attachment: scroll; background-position: center center; ' data-section-bg-repeat='stretch' ><div class='container' style='height:500px'><main  role=\"main\" itemprop=\"mainContentOfPage\"  class='template-page content  av-content-full alpha units'><div class='post-entry post-entry-type-page post-entry-11060'><div class='entry-content-wrapper clearfix'><\/div><\/div><\/main><!-- close content main element --><\/div><\/div><div id='after_section_1' class='main_color av_default_container_wrap container_wrap fullsize'   ><div class='container' ><div class='template-page content  av-content-full alpha units'><div class='post-entry post-entry-type-page post-entry-11060'><div class='entry-content-wrapper clearfix'>\n<div class=\"flex_column av_two_third  flex_column_div first  avia-builder-el-1  el_after_av_section  el_before_av_one_third  avia-builder-el-first  \" ><section class=\"av_textblock_section \"  itemscope=\"itemscope\" itemtype=\"https:\/\/schema.org\/CreativeWork\" ><div class='avia_textblock  '   itemprop=\"text\" ><h2>Qui\u00e9nes somos<\/h2>\n<blockquote>\n<h5 style=\"text-align: justify;\">Ais Il Bagno opera en el sector sanitario desde 1967 y se caracteriza por la elecci\u00f3n de los productos que ofrece y la amabilidad y competencia para ayudar a los clientes a elegir el producto adecuado.<\/h5>\n<\/blockquote>\n<p>Nosotros, en Ais il Bagno, creemos que el ba\u00f1o es una parte fundamental de la casa donde usted se relaja y se cuida, por eso elegimos solo las mejores marcas para que el ba\u00f1o de su casa se convierta en un espacio de belleza y belleza. la relajaci\u00f3n.<\/p>\n<p>Gracias a la colaboraci\u00f3n con las marcas m\u00e1s importantes del sector, tratamos con los mejores productos de muebles de ba\u00f1o, muebles y espejos, accesorios de ba\u00f1o, ba\u00f1eras y duchas para cada necesidad.<\/p>\n<p>Lo estamos esperando en G\u00e9nova, nuestro personal calificado lo ayudar\u00e1 con valiosos consejos para hacer que su hogar sea a\u00fan m\u00e1s hermoso.<\/p>\n<\/div><\/section><\/div>\n<div class=\"flex_column av_one_third  flex_column_div av-zero-column-padding   avia-builder-el-3  el_after_av_two_third  el_before_av_one_third  \" style='border-radius:0px; '><p><div  style='height:75px' class='hr hr-invisible   avia-builder-el-4  el_before_av_image  avia-builder-el-first '><span class='hr-inner ' ><span class='hr-inner-style'><\/span><\/span><\/div><br \/>\n<div  class='avia-image-container  av-styling-    avia-builder-el-5  el_after_av_hr  avia-builder-el-last  avia-align-center '  itemscope=\"itemscope\" itemtype=\"https:\/\/schema.org\/ImageObject\"  ><div class='avia-image-container-inner'><div class='avia-image-overlay-wrap'><img class='wp-image-12357 avia-img-lazy-loading-not-12357 avia_image' src=\"https:\/\/www.aisilbagno.it\/wp-content\/uploads\/2015\/04\/logo-3d-845x321.png\" alt='' title='' height=\"321\" width=\"845\"  itemprop=\"contentURL\"  \/><\/div><\/div><\/div><\/p><\/div>\n<div class=\"flex_column av_one_third  flex_column_div first  avia-builder-el-6  el_after_av_one_third  el_before_av_one_third  column-top-margin\" ><article  class=\"iconbox iconbox_left_content    avia-builder-el-7  avia-builder-el-no-sibling  \"  itemscope=\"itemscope\" itemtype=\"https:\/\/schema.org\/CreativeWork\" ><div class=\"iconbox_icon heading-color\" aria-hidden='true' data-av_icon='\ue842' data-av_iconfont='entypo-fontello'  style='background-color:#3d71a4; border:1px solid #3d71a4; color:#ffffff; ' ><\/div><div class=\"iconbox_content\"><header class=\"entry-content-header\"><h3 class='iconbox_content_title  '  itemprop=\"headline\"   style='color:#3d71a4; '>Donde estamos<\/h3><\/header><div class='iconbox_content_container av_inherit_color '  itemprop=\"text\"   style='color:#666666; '><p>Nuestra tienda est\u00e1 ubicada en el \u00e1rea de Cornigliano: para llegar a nosotros vire a la v. San juan de acre Almac\u00e9n: 22 \/ canc., V. Brighetti.<\/p>\n<\/div><\/div><footer class=\"entry-footer\"><\/footer><\/article><\/div>\n<div class=\"flex_column av_one_third  flex_column_div av-zero-column-padding   avia-builder-el-8  el_after_av_one_third  el_before_av_one_third  column-top-margin\" style='border-radius:0px; '><article  class=\"iconbox iconbox_left_content    avia-builder-el-9  avia-builder-el-no-sibling  \"  itemscope=\"itemscope\" itemtype=\"https:\/\/schema.org\/CreativeWork\" ><div class=\"iconbox_icon heading-color\" aria-hidden='true' data-av_icon='\ue862' data-av_iconfont='entypo-fontello'  style='background-color:#3d71a4; border:1px solid #3d71a4; color:#ffffff; ' ><\/div><div class=\"iconbox_content\"><header class=\"entry-content-header\"><h3 class='iconbox_content_title  '  itemprop=\"headline\"   style='color:#3d71a4; '>Horas de tienda<\/h3><\/header><div class='iconbox_content_container av_inherit_color '  itemprop=\"text\"   style='color:#666666; '><p>Abierto de lunes a viernes: 09.00-12.00 \/ 15.00-19.00 e<br \/>\nS\u00e1bado 09.00-12.00 \/ 16.00-19.00.<\/p>\n<\/div><\/div><footer class=\"entry-footer\"><\/footer><\/article><\/div><div class=\"flex_column av_one_third  flex_column_div av-zero-column-padding   avia-builder-el-10  el_after_av_one_third  el_before_av_textblock  column-top-margin\" style='border-radius:0px; '><article  class=\"iconbox iconbox_left_content    avia-builder-el-11  avia-builder-el-no-sibling  \"  itemscope=\"itemscope\" itemtype=\"https:\/\/schema.org\/CreativeWork\" ><div class=\"iconbox_icon heading-color\" aria-hidden='true' data-av_icon='\ue859' data-av_iconfont='entypo-fontello'  style='background-color:#3d71a4; border:1px solid #3d71a4; color:#ffffff; ' ><\/div><div class=\"iconbox_content\"><header class=\"entry-content-header\"><h3 class='iconbox_content_title  '  itemprop=\"headline\"   style='color:#3d71a4; '>Qui\u00e9nes somos<\/h3><\/header><div class='iconbox_content_container av_inherit_color '  itemprop=\"text\"   style='color:#666666; '><p>Visite la secci\u00f3n dedicada a nuestros productos para obtener m\u00e1s informaci\u00f3n sobre la amplia oferta.<\/p>\n<\/div><\/div><footer class=\"entry-footer\"><\/footer><\/article><\/div><\/p>\n<section class=\"av_textblock_section \"  itemscope=\"itemscope\" itemtype=\"https:\/\/schema.org\/CreativeWork\" ><div class='avia_textblock  '   itemprop=\"text\" ><p><span style=\"display: inline-block; width: 0px; overflow: hidden; line-height: 0;\" data-mce-type=\"bookmark\" class=\"mce_SELRES_end\">\ufeff<\/span><\/p>\n<\/div><\/section>\n","protected":false},"excerpt":{"rendered":"","protected":false},"author":2,"featured_media":0,"parent":0,"menu_order":0,"comment_status":"closed","ping_status":"closed","template":"","meta":[],"_links":{"self":[{"href":"https:\/\/www.aisilbagno.it\/es\/wp-json\/wp\/v2\/pages\/11060"}],"collection":[{"href":"https:\/\/www.aisilbagno.it\/es\/wp-json\/wp\/v2\/pages"}],"about":[{"href":"https:\/\/www.aisilbagno.it\/es\/wp-json\/wp\/v2\/types\/page"}],"author":[{"embeddable":true,"href":"https:\/\/www.aisilbagno.it\/es\/wp-json\/wp\/v2\/users\/2"}],"replies":[{"embeddable":true,"href":"https:\/\/www.aisilbagno.it\/es\/wp-json\/wp\/v2\/comments?post=11060"}],"version-history":[{"count":9,"href":"https:\/\/www.aisilbagno.it\/es\/wp-json\/wp\/v2\/pages\/11060\/revisions"}],"predecessor-version":[{"id":13536,"href":"https:\/\/www.aisilbagno.it\/es\/wp-json\/wp\/v2\/pages\/11060\/revisions\/13536"}],"wp:attachment":[{"href":"https:\/\/www.aisilbagno.it\/es\/wp-json\/wp\/v2\/media?parent=11060"}],"curies":[{"name":"wp","href":"https:\/\/api.w.org\/{rel}","templated":true}]}}

Quiénes somos

<div id='av_section_1' class='avia-section main_color avia-section-small avia-no-shadow avia-full-stretch avia-bg-style-scroll  avia-builder-el-0  el_before_av_two_third  avia-builder-el-first   av-minimum-height av-minimum-height-custom container_wrap fullsize' style = 'background-repeat: no-repeat; background-image: url(https://www.aisilbagno.it/wp-content/uploads/2015/04/slide-negozio-3.png);background-attachment: scroll; background-position: center center; ' data-section-bg-repeat='stretch' ><div class='container' style='height:500px'><main  role="main" itemprop="mainContentOfPage"  class='template-page content  av-content-full alpha units'><div class='post-entry post-entry-type-page post-entry-11060'><div class='entry-content-wrapper clearfix'></div></div></main><!-- close content main element --></div></div><div id='after_section_1' class='main_color av_default_container_wrap container_wrap fullsize'   ><div class='container' ><div class='template-page content  av-content-full alpha units'><div class='post-entry post-entry-type-page post-entry-11060'><div class='entry-content-wrapper clearfix'>
<div class="flex_column av_two_third  flex_column_div first  avia-builder-el-1  el_after_av_section  el_before_av_one_third  avia-builder-el-first  " ><section class="av_textblock_section "  itemscope="itemscope" itemtype="https://schema.org/CreativeWork" ><div class='avia_textblock  '   itemprop="text" ><h2>Quiénes somos</h2>
<blockquote>
<h5 style="text-align: justify;">Ais Il Bagno opera en el sector sanitario desde 1967 y se caracteriza por la elección de los productos que ofrece y la amabilidad y competencia para ayudar a los clientes a elegir el producto adecuado.</h5>
</blockquote>
<p>Nosotros, en Ais il Bagno, creemos que el baño es una parte fundamental de la casa donde usted se relaja y se cuida, por eso elegimos solo las mejores marcas para que el baño de su casa se convierta en un espacio de belleza y belleza. la relajación.</p>
<p>Gracias a la colaboración con las marcas más importantes del sector, tratamos con los mejores productos de muebles de baño, muebles y espejos, accesorios de baño, bañeras y duchas para cada necesidad.</p>
<p>Lo estamos esperando en Génova, nuestro personal calificado lo ayudará con valiosos consejos para hacer que su hogar sea aún más hermoso.</p>
</div></section></div>
<div class="flex_column av_one_third  flex_column_div av-zero-column-padding   avia-builder-el-3  el_after_av_two_third  el_before_av_one_third  " style='border-radius:0px; '><p><div  style='height:75px' class='hr hr-invisible   avia-builder-el-4  el_before_av_image  avia-builder-el-first '><span class='hr-inner ' ><span class='hr-inner-style'></span></span></div><br />
<div  class='avia-image-container  av-styling-    avia-builder-el-5  el_after_av_hr  avia-builder-el-last  avia-align-center '  itemscope="itemscope" itemtype="https://schema.org/ImageObject"  ><div class='avia-image-container-inner'><div class='avia-image-overlay-wrap'><img class='wp-image-12357 avia-img-lazy-loading-not-12357 avia_image' src="https://www.aisilbagno.it/wp-content/uploads/2015/04/logo-3d-845x321.png" alt='' title='' height="321" width="845"  itemprop="contentURL"  /></div></div></div></p></div>
<div class="flex_column av_one_third  flex_column_div first  avia-builder-el-6  el_after_av_one_third  el_before_av_one_third  column-top-margin" ><article  class="iconbox iconbox_left_content    avia-builder-el-7  avia-builder-el-no-sibling  "  itemscope="itemscope" itemtype="https://schema.org/CreativeWork" ><div class="iconbox_icon heading-color" aria-hidden='true' data-av_icon='' data-av_iconfont='entypo-fontello'  style='background-color:#3d71a4; border:1px solid #3d71a4; color:#ffffff; ' ></div><div class="iconbox_content"><header class="entry-content-header"><h3 class='iconbox_content_title  '  itemprop="headline"   style='color:#3d71a4; '>Donde estamos</h3></header><div class='iconbox_content_container av_inherit_color '  itemprop="text"   style='color:#666666; '><p>Nuestra tienda está ubicada en el área de Cornigliano: para llegar a nosotros vire a la v. San juan de acre Almacén: 22 / canc., V. Brighetti.</p>
</div></div><footer class="entry-footer"></footer></article></div>
<div class="flex_column av_one_third  flex_column_div av-zero-column-padding   avia-builder-el-8  el_after_av_one_third  el_before_av_one_third  column-top-margin" style='border-radius:0px; '><article  class="iconbox iconbox_left_content    avia-builder-el-9  avia-builder-el-no-sibling  "  itemscope="itemscope" itemtype="https://schema.org/CreativeWork" ><div class="iconbox_icon heading-color" aria-hidden='true' data-av_icon='' data-av_iconfont='entypo-fontello'  style='background-color:#3d71a4; border:1px solid #3d71a4; color:#ffffff; ' ></div><div class="iconbox_content"><header class="entry-content-header"><h3 class='iconbox_content_title  '  itemprop="headline"   style='color:#3d71a4; '>Horas de tienda</h3></header><div class='iconbox_content_container av_inherit_color '  itemprop="text"   style='color:#666666; '><p>Abierto de lunes a viernes: 09.00-12.00 / 15.00-19.00 e<br />
Sábado 09.00-12.00 / 16.00-19.00.</p>
</div></div><footer class="entry-footer"></footer></article></div><div class="flex_column av_one_third  flex_column_div av-zero-column-padding   avia-builder-el-10  el_after_av_one_third  el_before_av_textblock  column-top-margin" style='border-radius:0px; '><article  class="iconbox iconbox_left_content    avia-builder-el-11  avia-builder-el-no-sibling  "  itemscope="itemscope" itemtype="https://schema.org/CreativeWork" ><div class="iconbox_icon heading-color" aria-hidden='true' data-av_icon='' data-av_iconfont='entypo-fontello'  style='background-color:#3d71a4; border:1px solid #3d71a4; color:#ffffff; ' ></div><div class="iconbox_content"><header class="entry-content-header"><h3 class='iconbox_content_title  '  itemprop="headline"   style='color:#3d71a4; '>Quiénes somos</h3></header><div class='iconbox_content_container av_inherit_color '  itemprop="text"   style='color:#666666; '><p>Visite la sección dedicada a nuestros productos para obtener más información sobre la amplia oferta.</p>
</div></div><footer class="entry-footer"></footer></article></div></p>
<section class="av_textblock_section "  itemscope="itemscope" itemtype="https://schema.org/CreativeWork" ><div class='avia_textblock  '   itemprop="text" ><p><span style="display: inline-block; width: 0px; overflow: hidden; line-height: 0;" data-mce-type="bookmark" class="mce_SELRES_end">﻿</span></p>
</div></section>
