{"id":11756,"date":"2015-07-01T07:11:13","date_gmt":"2015-07-01T07:11:13","guid":{"rendered":"https:\/\/www.aisilbagno.it\/box-doccia-su-misura\/"},"modified":"2020-03-29T17:09:08","modified_gmt":"2020-03-29T15:09:08","slug":"massgeschneiderte-dusche","status":"publish","type":"page","link":"https:\/\/www.aisilbagno.it\/de\/massgeschneiderte-dusche\/","title":{"rendered":"MASSGESCHNEIDERTE DUSCHE"},"content":{"rendered":"<div id='av_section_1' class='avia-section main_color avia-section-default avia-no-shadow avia-full-stretch avia-bg-style-scroll  avia-builder-el-0  el_before_av_one_full  avia-builder-el-first   av-minimum-height av-minimum-height-custom container_wrap fullsize' style = 'background-repeat: no-repeat; background-image: url(https:\/\/www.aisilbagno.it\/wp-content\/uploads\/2015\/07\/slide-box-doccia-personalizzato.jpg);background-attachment: scroll; background-position: center center; ' data-section-bg-repeat='stretch' ><div class='container' style='height:500px'><main  role=\"main\" itemprop=\"mainContentOfPage\"  class='template-page content  av-content-full alpha units'><div class='post-entry post-entry-type-page post-entry-11756'><div class='entry-content-wrapper clearfix'><\/div><\/div><\/main><!-- close content main element --><\/div><\/div><div id='after_section_1' class='main_color av_default_container_wrap container_wrap fullsize'   ><div class='container' ><div class='template-page content  av-content-full alpha units'><div class='post-entry post-entry-type-page post-entry-11756'><div class='entry-content-wrapper clearfix'>\n<div class=\"flex_column av_one_full  flex_column_div first  avia-builder-el-1  el_after_av_section  el_before_av_section  avia-builder-el-no-sibling  \" ><div  style='padding-bottom:10px; color:#1d3465;font-size:34px;' class='av-special-heading av-special-heading-h3 custom-color-heading blockquote modern-quote modern-centered  avia-builder-el-2  avia-builder-el-no-sibling  av-inherit-size '><h3 class='av-special-heading-tag '  itemprop=\"headline\"  >Bei uns k\u00f6nnen Sie bequem von zu Hause aus eine ma\u00dfgeschneiderte Duschkabine bekommen.<\/h3><div class='special-heading-border'><div class='special-heading-inner-border' style='border-color:#1d3465'><\/div><\/div><\/div><\/div>\n<\/div><\/div><\/div><!-- close content main div --><\/div><\/div><div id='av_section_2' class='avia-section main_color avia-section-default avia-no-shadow avia-bg-style-scroll  avia-builder-el-3  el_after_av_one_full  el_before_av_section   container_wrap fullsize' style = 'background-image: '  ><div class='container' ><div class='template-page content  av-content-full alpha units'><div class='post-entry post-entry-type-page post-entry-11756'><div class='entry-content-wrapper clearfix'>\n<div class=\"flex_column av_two_third  flex_column_div first  avia-builder-el-4  el_before_av_one_third  avia-builder-el-first  \" ><section class=\"av_textblock_section \"  itemscope=\"itemscope\" itemtype=\"https:\/\/schema.org\/CreativeWork\" ><div class='avia_textblock  '   itemprop=\"text\" ><p><span class=\"tlid-translation translation\" lang=\"de\"><span class=\"\" title=\"\">Unser Shop ist spezialisiert auf die Gestaltung von kundenspezifischen oder personalisierten Duschabtrennungen (Kristall oder Kristallfarbe mit Digitaldruck des Kunden oder unter den Standard-Profilfarben auch mit Ral-Farben), die ausschlie\u00dflich in Italien hergestellt werden<\/span><\/span><\/p>\n<p><span title=\"\">wir k\u00f6nnen auch liefern<\/span><\/p>\n<p><span title=\"\">Nautische Duschbox<\/span><\/p>\n<p><span title=\"\">Duschkabine f\u00fcr t\u00fcrkisches Bad<\/span><\/p>\n<p>Haben Sie eine Duschwanne mit besonderen Ma\u00dfnahmen? Ist Ihre Badezimmerdecke niedriger als der Durchschnitt? Haben Sie ein Badezimmer im Dachgeschoss? Hast du eine Nischenbox? Ben\u00f6tigen Sie eine geformte Wand?<\/p>\n<p>Wir sind in der Lage, kostenlose Kostenvoranschl\u00e4ge auf der Grundlage der Dokumentation zu erstellen, die Sie dank des Links auf der Seite anh\u00e4ngen k\u00f6nnen. Je mehr Informationen und Fotos Sie senden, desto genauer sind Preis und Gr\u00f6\u00dfe.<\/p>\n<p>F\u00fcr weitere Informationen und Erl\u00e4uterungen stehen Ihnen unsere Mitarbeiter gerne zur Verf\u00fcgung und begleiten Sie Schritt f\u00fcr Schritt bei der Realisierung Ihrer Duschkabine.<\/p>\n<p>Wenn Sie eine Box nach Ma\u00df in der H\u00f6he ben\u00f6tigen, finden Sie bereits einige Ideen in diesen Links<\/p>\n<p><strong>Quadratische Modelle<\/strong><\/p>\n<p><a href=\"https:\/\/www.aisilbagno.it\/de\/kat-duschkabine\/custom-shower-shelf-in-hoehe\/platz\/\">https:\/\/www.aisilbagno.it\/de\/kat-duschkabine\/custom-shower-shelf-in-hoehe\/platz\/<\/a><\/p>\n<p><strong>Rechteckige Modelle<\/strong><\/p>\n<p><a href=\"https:\/\/www.aisilbagno.it\/de\/kat-duschkabine\/custom-shower-shelf-in-hoehe\/rechteckig\/\">https:\/\/www.aisilbagno.it\/de\/kat-duschkabine\/custom-shower-shelf-in-hoehe\/rechteckig\/<\/a><\/p>\n<p><strong>Halbkreismodell<\/strong><\/p>\n<p><a href=\"https:\/\/www.aisilbagno.it\/de\/kat-duschkabine\/custom-shower-shelf-in-hoehe\/halbkreisfoermig\/\">https:\/\/www.aisilbagno.it\/de\/kat-duschkabine\/custom-shower-shelf-in-hoehe\/halbkreisfoermig\/<\/a><\/p>\n<p><strong>Schiebeduscht\u00fcren<\/strong><\/p>\n<p><a href=\"https:\/\/www.aisilbagno.it\/de\/kat-duschkabine\/custom-shower-shelf-in-hoehe\/schiebetueren\/\">https:\/\/www.aisilbagno.it\/de\/kat-duschkabine\/custom-shower-shelf-in-hoehe\/schiebetueren\/<\/a><\/p>\n<p><strong>Schwingt\u00fcr<\/strong><\/p>\n<p><a href=\"https:\/\/www.aisilbagno.it\/de\/kat-duschkabine\/custom-shower-shelf-in-hoehe\/tuer-mit-scharnier\/\">https:\/\/www.aisilbagno.it\/de\/kat-duschkabine\/custom-shower-shelf-in-hoehe\/tuer-mit-scharnier\/<\/a><\/p>\n<p><strong>T\u00fcr 2 Salont\u00fcren<\/strong><\/p>\n<p><a href=\"https:\/\/www.aisilbagno.it\/de\/kat-duschkabine\/custom-shower-shelf-in-hoehe\/tuer-2-fluegeltueren-saloon\/\">https:\/\/www.aisilbagno.it\/de\/kat-duschkabine\/custom-shower-shelf-in-hoehe\/tuer-2-fluegeltueren-saloon\/<\/a><\/p>\n<p><strong>Komm rein<\/strong><\/p>\n<p><a href=\"https:\/\/www.aisilbagno.it\/de\/kat-duschkabine\/custom-shower-shelf-in-hoehe\/walk-in\/\">https:\/\/www.aisilbagno.it\/de\/kat-duschkabine\/custom-shower-shelf-in-hoehe\/walk-in\/<\/a><\/p>\n<p>wenn Sie Ihre Gr\u00f6\u00dfe nicht finden oder was Sie suchen<\/p>\n<p>Kontaktieren Sie uns unter 0106512810 oder\u00a0 <a href=\"mailto:info@aisilbagno.it\">info@aisilbagno.it<\/a><\/p>\n<\/div><\/section><\/div><div class=\"flex_column av_one_third  flex_column_div   avia-builder-el-6  el_after_av_two_third  avia-builder-el-last  \" ><span  class=\"av_font_icon avia_animate_when_visible avia-icon-animate  av-icon-style-border  avia-icon-pos-center \" style=\"color:#2088ca; border-color:#2088ca;\"><a href='mailto:mailto:info@aisilbagno.it'   class='av-icon-char' style='font-size:30px;line-height:30px;width:30px;' aria-hidden='true' data-av_icon='\ue8e0' data-av_iconfont='antworks' ><\/a><span class='av_icon_caption av-special-font'>Kontaktieren Sie uns, indem Sie Fotos, Gr\u00f6\u00dfen und Details senden, um ein Angebot zu formulieren.<\/span><\/span><\/div><\/div><\/div><\/div><!-- close content main div --><\/div><\/div><div id='av_section_3' class='avia-section main_color avia-section-default avia-no-shadow avia-bg-style-scroll  avia-builder-el-8  el_after_av_section  avia-builder-el-last   container_wrap fullsize' style = 'background-image: '  ><div class='container' ><div class='template-page content  av-content-full alpha units'><div class='post-entry post-entry-type-page post-entry-11756'><div class='entry-content-wrapper clearfix'>\n<section class=\"av_textblock_section \"  itemscope=\"itemscope\" itemtype=\"https:\/\/schema.org\/CreativeWork\" ><div class='avia_textblock  '   itemprop=\"text\" ><h4>Hier einige Beispiele f\u00fcr ma\u00dfgeschneiderte Duschkabinen<\/h4>\n<\/div><\/section>\n<div class=\"flex_column av_one_fifth  flex_column_div first  avia-builder-el-10  el_after_av_textblock  el_before_av_one_fifth  column-top-margin\" ><div  class='avia-image-container  av-styling-no-styling    avia-builder-el-11  avia-builder-el-no-sibling  avia-align-center '  itemscope=\"itemscope\" itemtype=\"https:\/\/schema.org\/ImageObject\"  ><div class='avia-image-container-inner'><div class='avia-image-overlay-wrap'><img class='wp-image-12524 avia-img-lazy-loading-not-12524 avia_image' src=\"https:\/\/www.aisilbagno.it\/wp-content\/uploads\/2015\/07\/box-du-misura-1-258x300.jpg\" alt='' title='box du misura 1' height=\"300\" width=\"258\"  itemprop=\"contentURL\" srcset=\"https:\/\/www.aisilbagno.it\/wp-content\/uploads\/2015\/07\/box-du-misura-1-258x300.jpg 258w, https:\/\/www.aisilbagno.it\/wp-content\/uploads\/2015\/07\/box-du-misura-1-607x705.jpg 607w, https:\/\/www.aisilbagno.it\/wp-content\/uploads\/2015\/07\/box-du-misura-1-450x522.jpg 450w, https:\/\/www.aisilbagno.it\/wp-content\/uploads\/2015\/07\/box-du-misura-1.jpg 710w\" sizes=\"(max-width: 258px) 100vw, 258px\" \/><\/div><\/div><\/div><\/div><div class=\"flex_column av_one_fifth  flex_column_div   avia-builder-el-12  el_after_av_one_fifth  el_before_av_one_fifth  column-top-margin\" ><div  class='avia-image-container  av-styling-no-styling    avia-builder-el-13  avia-builder-el-no-sibling  avia-align-center '  itemscope=\"itemscope\" itemtype=\"https:\/\/schema.org\/ImageObject\"  ><div class='avia-image-container-inner'><div class='avia-image-overlay-wrap'><img class='wp-image-12528 avia-img-lazy-loading-not-12528 avia_image' src=\"https:\/\/www.aisilbagno.it\/wp-content\/uploads\/2015\/07\/box-su-misura-2-250x300.jpg\" alt='' title='box su misura 2' height=\"300\" width=\"250\"  itemprop=\"contentURL\" srcset=\"https:\/\/www.aisilbagno.it\/wp-content\/uploads\/2015\/07\/box-su-misura-2-250x300.jpg 250w, https:\/\/www.aisilbagno.it\/wp-content\/uploads\/2015\/07\/box-su-misura-2-587x705.jpg 587w, https:\/\/www.aisilbagno.it\/wp-content\/uploads\/2015\/07\/box-su-misura-2-450x540.jpg 450w, https:\/\/www.aisilbagno.it\/wp-content\/uploads\/2015\/07\/box-su-misura-2.jpg 672w\" sizes=\"(max-width: 250px) 100vw, 250px\" \/><\/div><\/div><\/div><\/div><div class=\"flex_column av_one_fifth  flex_column_div   avia-builder-el-14  el_after_av_one_fifth  el_before_av_one_fifth  column-top-margin\" ><div  class='avia-image-container  av-styling-no-styling    avia-builder-el-15  avia-builder-el-no-sibling  avia-align-center '  itemscope=\"itemscope\" itemtype=\"https:\/\/schema.org\/ImageObject\"  ><div class='avia-image-container-inner'><div class='avia-image-overlay-wrap'><img class='wp-image-12532 avia-img-lazy-loading-not-12532 avia_image' src=\"https:\/\/www.aisilbagno.it\/wp-content\/uploads\/2015\/07\/box-su-misura-3-258x300.jpg\" alt='' title='box su misura 3' height=\"300\" width=\"258\"  itemprop=\"contentURL\" srcset=\"https:\/\/www.aisilbagno.it\/wp-content\/uploads\/2015\/07\/box-su-misura-3-258x300.jpg 258w, https:\/\/www.aisilbagno.it\/wp-content\/uploads\/2015\/07\/box-su-misura-3-605x705.jpg 605w, https:\/\/www.aisilbagno.it\/wp-content\/uploads\/2015\/07\/box-su-misura-3-450x524.jpg 450w, https:\/\/www.aisilbagno.it\/wp-content\/uploads\/2015\/07\/box-su-misura-3.jpg 673w\" sizes=\"(max-width: 258px) 100vw, 258px\" \/><\/div><\/div><\/div><\/div><div class=\"flex_column av_one_fifth  flex_column_div   avia-builder-el-16  el_after_av_one_fifth  el_before_av_one_fourth  column-top-margin\" ><div  class='avia-image-container  av-styling-no-styling    avia-builder-el-17  avia-builder-el-no-sibling  avia-align-center '  itemscope=\"itemscope\" itemtype=\"https:\/\/schema.org\/ImageObject\"  ><div class='avia-image-container-inner'><div class='avia-image-overlay-wrap'><img class='wp-image-12536 avia-img-lazy-loading-not-12536 avia_image' src=\"https:\/\/www.aisilbagno.it\/wp-content\/uploads\/2015\/07\/box-su-misura-4-251x300.jpg\" alt='' title='box su misura 4' height=\"300\" width=\"251\"  itemprop=\"contentURL\" srcset=\"https:\/\/www.aisilbagno.it\/wp-content\/uploads\/2015\/07\/box-su-misura-4-251x300.jpg 251w, https:\/\/www.aisilbagno.it\/wp-content\/uploads\/2015\/07\/box-su-misura-4-591x705.jpg 591w, https:\/\/www.aisilbagno.it\/wp-content\/uploads\/2015\/07\/box-su-misura-4-450x537.jpg 450w, https:\/\/www.aisilbagno.it\/wp-content\/uploads\/2015\/07\/box-su-misura-4.jpg 686w\" sizes=\"(max-width: 251px) 100vw, 251px\" \/><\/div><\/div><\/div><\/div><div class=\"flex_column av_one_fourth  flex_column_div first  avia-builder-el-18  el_after_av_one_fifth  avia-builder-el-last  column-top-margin\" ><div  class='avia-image-container  av-styling-no-styling    avia-builder-el-19  avia-builder-el-no-sibling  avia-align-center '  itemscope=\"itemscope\" itemtype=\"https:\/\/schema.org\/ImageObject\"  ><div class='avia-image-container-inner'><div class='avia-image-overlay-wrap'><img class='wp-image-12540 avia-img-lazy-loading-not-12540 avia_image' src=\"https:\/\/www.aisilbagno.it\/wp-content\/uploads\/2015\/07\/box-su-misura-5-250x300.jpg\" alt='' title='box su misura 5' height=\"300\" width=\"250\"  itemprop=\"contentURL\" srcset=\"https:\/\/www.aisilbagno.it\/wp-content\/uploads\/2015\/07\/box-su-misura-5-250x300.jpg 250w, https:\/\/www.aisilbagno.it\/wp-content\/uploads\/2015\/07\/box-su-misura-5-587x705.jpg 587w, https:\/\/www.aisilbagno.it\/wp-content\/uploads\/2015\/07\/box-su-misura-5-450x541.jpg 450w, https:\/\/www.aisilbagno.it\/wp-content\/uploads\/2015\/07\/box-su-misura-5.jpg 698w\" sizes=\"(max-width: 250px) 100vw, 250px\" \/><\/div><\/div><\/div><\/div>\n<\/p>\n","protected":false},"excerpt":{"rendered":"","protected":false},"author":2,"featured_media":0,"parent":0,"menu_order":0,"comment_status":"closed","ping_status":"closed","template":"","meta":[],"_links":{"self":[{"href":"https:\/\/www.aisilbagno.it\/de\/wp-json\/wp\/v2\/pages\/11756"}],"collection":[{"href":"https:\/\/www.aisilbagno.it\/de\/wp-json\/wp\/v2\/pages"}],"about":[{"href":"https:\/\/www.aisilbagno.it\/de\/wp-json\/wp\/v2\/types\/page"}],"author":[{"embeddable":true,"href":"https:\/\/www.aisilbagno.it\/de\/wp-json\/wp\/v2\/users\/2"}],"replies":[{"embeddable":true,"href":"https:\/\/www.aisilbagno.it\/de\/wp-json\/wp\/v2\/comments?post=11756"}],"version-history":[{"count":3,"href":"https:\/\/www.aisilbagno.it\/de\/wp-json\/wp\/v2\/pages\/11756\/revisions"}],"predecessor-version":[{"id":11990,"href":"https:\/\/www.aisilbagno.it\/de\/wp-json\/wp\/v2\/pages\/11756\/revisions\/11990"}],"wp:attachment":[{"href":"https:\/\/www.aisilbagno.it\/de\/wp-json\/wp\/v2\/media?parent=11756"}],"curies":[{"name":"wp","href":"https:\/\/api.w.org\/{rel}","templated":true}]}}

<div id='av_section_1' class='avia-section main_color avia-section-default avia-no-shadow avia-full-stretch avia-bg-style-scroll  avia-builder-el-0  el_before_av_one_full  avia-builder-el-first   av-minimum-height av-minimum-height-custom container_wrap fullsize' style = 'background-repeat: no-repeat; background-image: url(https://www.aisilbagno.it/wp-content/uploads/2015/07/slide-box-doccia-personalizzato.jpg);background-attachment: scroll; background-position: center center; ' data-section-bg-repeat='stretch' ><div class='container' style='height:500px'><main  role="main" itemprop="mainContentOfPage"  class='template-page content  av-content-full alpha units'><div class='post-entry post-entry-type-page post-entry-11756'><div class='entry-content-wrapper clearfix'></div></div></main><!-- close content main element --></div></div><div id='after_section_1' class='main_color av_default_container_wrap container_wrap fullsize'   ><div class='container' ><div class='template-page content  av-content-full alpha units'><div class='post-entry post-entry-type-page post-entry-11756'><div class='entry-content-wrapper clearfix'>
<div class="flex_column av_one_full  flex_column_div first  avia-builder-el-1  el_after_av_section  el_before_av_section  avia-builder-el-no-sibling  " ><div  style='padding-bottom:10px; color:#1d3465;font-size:34px;' class='av-special-heading av-special-heading-h3 custom-color-heading blockquote modern-quote modern-centered  avia-builder-el-2  avia-builder-el-no-sibling  av-inherit-size '><h3 class='av-special-heading-tag '  itemprop="headline"  >Bei uns können Sie bequem von zu Hause aus eine maßgeschneiderte Duschkabine bekommen.</h3><div class='special-heading-border'><div class='special-heading-inner-border' style='border-color:#1d3465'></div></div></div></div>
</div></div></div><!-- close content main div --></div></div><div id='av_section_2' class='avia-section main_color avia-section-default avia-no-shadow avia-bg-style-scroll  avia-builder-el-3  el_after_av_one_full  el_before_av_section   container_wrap fullsize' style = 'background-image: '  ><div class='container' ><div class='template-page content  av-content-full alpha units'><div class='post-entry post-entry-type-page post-entry-11756'><div class='entry-content-wrapper clearfix'>
<div class="flex_column av_two_third  flex_column_div first  avia-builder-el-4  el_before_av_one_third  avia-builder-el-first  " ><section class="av_textblock_section "  itemscope="itemscope" itemtype="https://schema.org/CreativeWork" ><div class='avia_textblock  '   itemprop="text" ><p><span class="tlid-translation translation" lang="de"><span class="" title="">Unser Shop ist spezialisiert auf die Gestaltung von kundenspezifischen oder personalisierten Duschabtrennungen (Kristall oder Kristallfarbe mit Digitaldruck des Kunden oder unter den Standard-Profilfarben auch mit Ral-Farben), die ausschließlich in Italien hergestellt werden</span></span></p>
<p><span title="">wir können auch liefern</span></p>
<p><span title="">Nautische Duschbox</span></p>
<p><span title="">Duschkabine für türkisches Bad</span></p>
<p>Haben Sie eine Duschwanne mit besonderen Maßnahmen? Ist Ihre Badezimmerdecke niedriger als der Durchschnitt? Haben Sie ein Badezimmer im Dachgeschoss? Hast du eine Nischenbox? Benötigen Sie eine geformte Wand?</p>
<p>Wir sind in der Lage, kostenlose Kostenvoranschläge auf der Grundlage der Dokumentation zu erstellen, die Sie dank des Links auf der Seite anhängen können. Je mehr Informationen und Fotos Sie senden, desto genauer sind Preis und Größe.</p>
<p>Für weitere Informationen und Erläuterungen stehen Ihnen unsere Mitarbeiter gerne zur Verfügung und begleiten Sie Schritt für Schritt bei der Realisierung Ihrer Duschkabine.</p>
<p>Wenn Sie eine Box nach Maß in der Höhe benötigen, finden Sie bereits einige Ideen in diesen Links</p>
<p><strong>Quadratische Modelle</strong></p>
<p><a href="https://www.aisilbagno.it/de/kat-duschkabine/custom-shower-shelf-in-hoehe/platz/">https://www.aisilbagno.it/de/kat-duschkabine/custom-shower-shelf-in-hoehe/platz/</a></p>
<p><strong>Rechteckige Modelle</strong></p>
<p><a href="https://www.aisilbagno.it/de/kat-duschkabine/custom-shower-shelf-in-hoehe/rechteckig/">https://www.aisilbagno.it/de/kat-duschkabine/custom-shower-shelf-in-hoehe/rechteckig/</a></p>
<p><strong>Halbkreismodell</strong></p>
<p><a href="https://www.aisilbagno.it/de/kat-duschkabine/custom-shower-shelf-in-hoehe/halbkreisfoermig/">https://www.aisilbagno.it/de/kat-duschkabine/custom-shower-shelf-in-hoehe/halbkreisfoermig/</a></p>
<p><strong>Schiebeduschtüren</strong></p>
<p><a href="https://www.aisilbagno.it/de/kat-duschkabine/custom-shower-shelf-in-hoehe/schiebetueren/">https://www.aisilbagno.it/de/kat-duschkabine/custom-shower-shelf-in-hoehe/schiebetueren/</a></p>
<p><strong>Schwingtür</strong></p>
<p><a href="https://www.aisilbagno.it/de/kat-duschkabine/custom-shower-shelf-in-hoehe/tuer-mit-scharnier/">https://www.aisilbagno.it/de/kat-duschkabine/custom-shower-shelf-in-hoehe/tuer-mit-scharnier/</a></p>
<p><strong>Tür 2 Salontüren</strong></p>
<p><a href="https://www.aisilbagno.it/de/kat-duschkabine/custom-shower-shelf-in-hoehe/tuer-2-fluegeltueren-saloon/">https://www.aisilbagno.it/de/kat-duschkabine/custom-shower-shelf-in-hoehe/tuer-2-fluegeltueren-saloon/</a></p>
<p><strong>Komm rein</strong></p>
<p><a href="https://www.aisilbagno.it/de/kat-duschkabine/custom-shower-shelf-in-hoehe/walk-in/">https://www.aisilbagno.it/de/kat-duschkabine/custom-shower-shelf-in-hoehe/walk-in/</a></p>
<p>wenn Sie Ihre Größe nicht finden oder was Sie suchen</p>
<p>Kontaktieren Sie uns unter 0106512810 oder  <a href="mailto:info@aisilbagno.it">info@aisilbagno.it</a></p>
</div></section></div><div class="flex_column av_one_third  flex_column_div   avia-builder-el-6  el_after_av_two_third  avia-builder-el-last  " ><span  class="av_font_icon avia_animate_when_visible avia-icon-animate  av-icon-style-border  avia-icon-pos-center " style="color:#2088ca; border-color:#2088ca;"><a href='mailto:mailto:info@aisilbagno.it'   class='av-icon-char' style='font-size:30px;line-height:30px;width:30px;' aria-hidden='true' data-av_icon='' data-av_iconfont='antworks' ></a><span class='av_icon_caption av-special-font'>Kontaktieren Sie uns, indem Sie Fotos, Größen und Details senden, um ein Angebot zu formulieren.</span></span></div></div></div></div><!-- close content main div --></div></div><div id='av_section_3' class='avia-section main_color avia-section-default avia-no-shadow avia-bg-style-scroll  avia-builder-el-8  el_after_av_section  avia-builder-el-last   container_wrap fullsize' style = 'background-image: '  ><div class='container' ><div class='template-page content  av-content-full alpha units'><div class='post-entry post-entry-type-page post-entry-11756'><div class='entry-content-wrapper clearfix'>
<section class="av_textblock_section "  itemscope="itemscope" itemtype="https://schema.org/CreativeWork" ><div class='avia_textblock  '   itemprop="text" ><h4>Hier einige Beispiele für maßgeschneiderte Duschkabinen</h4>
</div></section>
<div class="flex_column av_one_fifth  flex_column_div first  avia-builder-el-10  el_after_av_textblock  el_before_av_one_fifth  column-top-margin" ><div  class='avia-image-container  av-styling-no-styling    avia-builder-el-11  avia-builder-el-no-sibling  avia-align-center '  itemscope="itemscope" itemtype="https://schema.org/ImageObject"  ><div class='avia-image-container-inner'><div class='avia-image-overlay-wrap'><img class='wp-image-12524 avia-img-lazy-loading-not-12524 avia_image' src="https://www.aisilbagno.it/wp-content/uploads/2015/07/box-du-misura-1-258x300.jpg" alt='' title='box du misura 1' height="300" width="258"  itemprop="contentURL" srcset="https://www.aisilbagno.it/wp-content/uploads/2015/07/box-du-misura-1-258x300.jpg 258w, https://www.aisilbagno.it/wp-content/uploads/2015/07/box-du-misura-1-607x705.jpg 607w, https://www.aisilbagno.it/wp-content/uploads/2015/07/box-du-misura-1-450x522.jpg 450w, https://www.aisilbagno.it/wp-content/uploads/2015/07/box-du-misura-1.jpg 710w" sizes="(max-width: 258px) 100vw, 258px" /></div></div></div></div><div class="flex_column av_one_fifth  flex_column_div   avia-builder-el-12  el_after_av_one_fifth  el_before_av_one_fifth  column-top-margin" ><div  class='avia-image-container  av-styling-no-styling    avia-builder-el-13  avia-builder-el-no-sibling  avia-align-center '  itemscope="itemscope" itemtype="https://schema.org/ImageObject"  ><div class='avia-image-container-inner'><div class='avia-image-overlay-wrap'><img class='wp-image-12528 avia-img-lazy-loading-not-12528 avia_image' src="https://www.aisilbagno.it/wp-content/uploads/2015/07/box-su-misura-2-250x300.jpg" alt='' title='box su misura 2' height="300" width="250"  itemprop="contentURL" srcset="https://www.aisilbagno.it/wp-content/uploads/2015/07/box-su-misura-2-250x300.jpg 250w, https://www.aisilbagno.it/wp-content/uploads/2015/07/box-su-misura-2-587x705.jpg 587w, https://www.aisilbagno.it/wp-content/uploads/2015/07/box-su-misura-2-450x540.jpg 450w, https://www.aisilbagno.it/wp-content/uploads/2015/07/box-su-misura-2.jpg 672w" sizes="(max-width: 250px) 100vw, 250px" /></div></div></div></div><div class="flex_column av_one_fifth  flex_column_div   avia-builder-el-14  el_after_av_one_fifth  el_before_av_one_fifth  column-top-margin" ><div  class='avia-image-container  av-styling-no-styling    avia-builder-el-15  avia-builder-el-no-sibling  avia-align-center '  itemscope="itemscope" itemtype="https://schema.org/ImageObject"  ><div class='avia-image-container-inner'><div class='avia-image-overlay-wrap'><img class='wp-image-12532 avia-img-lazy-loading-not-12532 avia_image' src="https://www.aisilbagno.it/wp-content/uploads/2015/07/box-su-misura-3-258x300.jpg" alt='' title='box su misura 3' height="300" width="258"  itemprop="contentURL" srcset="https://www.aisilbagno.it/wp-content/uploads/2015/07/box-su-misura-3-258x300.jpg 258w, https://www.aisilbagno.it/wp-content/uploads/2015/07/box-su-misura-3-605x705.jpg 605w, https://www.aisilbagno.it/wp-content/uploads/2015/07/box-su-misura-3-450x524.jpg 450w, https://www.aisilbagno.it/wp-content/uploads/2015/07/box-su-misura-3.jpg 673w" sizes="(max-width: 258px) 100vw, 258px" /></div></div></div></div><div class="flex_column av_one_fifth  flex_column_div   avia-builder-el-16  el_after_av_one_fifth  el_before_av_one_fourth  column-top-margin" ><div  class='avia-image-container  av-styling-no-styling    avia-builder-el-17  avia-builder-el-no-sibling  avia-align-center '  itemscope="itemscope" itemtype="https://schema.org/ImageObject"  ><div class='avia-image-container-inner'><div class='avia-image-overlay-wrap'><img class='wp-image-12536 avia-img-lazy-loading-not-12536 avia_image' src="https://www.aisilbagno.it/wp-content/uploads/2015/07/box-su-misura-4-251x300.jpg" alt='' title='box su misura 4' height="300" width="251"  itemprop="contentURL" srcset="https://www.aisilbagno.it/wp-content/uploads/2015/07/box-su-misura-4-251x300.jpg 251w, https://www.aisilbagno.it/wp-content/uploads/2015/07/box-su-misura-4-591x705.jpg 591w, https://www.aisilbagno.it/wp-content/uploads/2015/07/box-su-misura-4-450x537.jpg 450w, https://www.aisilbagno.it/wp-content/uploads/2015/07/box-su-misura-4.jpg 686w" sizes="(max-width: 251px) 100vw, 251px" /></div></div></div></div><div class="flex_column av_one_fourth  flex_column_div first  avia-builder-el-18  el_after_av_one_fifth  avia-builder-el-last  column-top-margin" ><div  class='avia-image-container  av-styling-no-styling    avia-builder-el-19  avia-builder-el-no-sibling  avia-align-center '  itemscope="itemscope" itemtype="https://schema.org/ImageObject"  ><div class='avia-image-container-inner'><div class='avia-image-overlay-wrap'><img class='wp-image-12540 avia-img-lazy-loading-not-12540 avia_image' src="https://www.aisilbagno.it/wp-content/uploads/2015/07/box-su-misura-5-250x300.jpg" alt='' title='box su misura 5' height="300" width="250"  itemprop="contentURL" srcset="https://www.aisilbagno.it/wp-content/uploads/2015/07/box-su-misura-5-250x300.jpg 250w, https://www.aisilbagno.it/wp-content/uploads/2015/07/box-su-misura-5-587x705.jpg 587w, https://www.aisilbagno.it/wp-content/uploads/2015/07/box-su-misura-5-450x541.jpg 450w, https://www.aisilbagno.it/wp-content/uploads/2015/07/box-su-misura-5.jpg 698w" sizes="(max-width: 250px) 100vw, 250px" /></div></div></div></div>
</p>
